rime?
True
Is (290/3)/(6/9*1) composite?
True
Let k(y) be the second derivative of 2*y**4/3 + 5*y**3/6 + y**2/2 + y. Is k(-4) a composite number?
False
Let b(v) be the first derivative of 2*v**3 + 5*v**2/2 - 6*v - 1. Is b(-5) composite?
True
Suppose -d = -5*n - 8, -3*d + 5*n - n - 9 = 0. Let g = d - -104. Is g a composite number?
False
Is 1*111 - (5 + -9) a prime number?
False
Suppose -2*l - 2*a = -3090, 0 = -l - 0*a + 4*a + 1535. Is l prime?
True
Let h be -1 - -73 - (-3 + 1). Let n = -50 + h. Suppose 5*w - n = 11. Is w a composite number?
False
Let o(h) = 14*h - 57. Is o(19) a composite number?
True
Let l be ((-6)/(-3)*-391)/(-2). Let u = l - 249. Let r = u + -77. Is r a composite number?
True
Suppose h - 5*f - 2018 = -2*h, 1338 = 2*h + 4*f. Is h prime?
False
Let y(i) = -3*i**3 - 4*i**2 - 2*i - 2. Let b(x) = 2*x - 12. Let s be b(8). Suppose -t + s*t = -9. Is y(t) prime?
False
Let g(d) = -d**2 + 4*d + 7. Let j be g(5). Let x(p) = -4 - p + 3 + 3*p**j - 4 - 5*p. Is x(-4) prime?
True
Let p(v) = v**3 - 4*v**2 + 4*v - 10. Let m be p(7). Is (m/(-6))/(4/(-8)) a prime number?
False
Suppose -5*h = d, 2*h = -d + 3*d. Let g be 2*-1 - (d - -13). Let s = g + 25. Is s a prime number?
False
Let n(z) = z**3 + 5*z**2 - 6*z + 3. Let f be n(-6). Suppose -67 = -3*a + 2*k, -3*a + 111 = 2*a - f*k. Is a composite?
True
Is (-42)/(-3)*(-127)/(-2) prime?
False
Let i(y) = y + 4*y**2 + 1 - y - y + 3*y. Is i(-9) a composite number?
False
Suppose 6 = -2*w, 5*f - 4*w = -290 + 1132. Is f composite?
True
Let y(i) = -i**3 - i**2 - 6. Let a be y(0). Let k(d) be the third derivative of d**5/60 - d**4/8 + d**3/2 + d**2. Is k(a) prime?
False
Suppose -5*a - 40 = 2*q + 5, 0 = 3*a - 2*q + 27. Let y(c) = -c**3 - 8*c**2 + 6*c + 10. Is y(a) prime?
True
Let r(f) = 37*f**2 + f - 1. Let j(d) = d - 1. Let i be 1*(1 - (0 + -1)). Let c be j(i). Is r(c) prime?
True
Let d = -3297 - -5144. Is d prime?
True
Suppose -2*p = 15 - 5. Let q(w) = -3*w + 8. Is q(p) prime?
True
Suppose 7*f - 14914 = 41037. Is f prime?
True
Suppose 7 - 1 = 2*p. Suppose -3*m + 5 = -4*v, -2*v - p = 5*m + 6. Is (111/(-9))/(v/6) a prime number?
True
Let t(u) be the first derivative of u**2 + 2 - 8/3*u**3 - u + 1/4*u**4. Is t(8) a composite number?
True
Let z = 13 - 13. Suppose -5*y + 447 = -0*l - 4*l, -2*y + 5*l + 172 = z. Is y a prime number?
False
Let o(x) = 17*x. Let m(z) = -120*z. Let n(a) = -4*m(a) - 27*o(a). Let r(h) = 7*h. Let f(g) = -2*n(g) + 7*r(g). Is f(3) prime?
False
Let i = 1332 - 889. Is i prime?
True
Let u = 147 - 60. Let o = -52 + u. Is o a prime number?
False
Let o = 3365 + -1651. Is o composite?
True
Let b = -367 + 516. Is b composite?
False
Suppose -5*i - 21 = -276. Is i prime?
False
Suppose m + 4*m + 1156 = 3*u, 5*m = -2*u + 729. Suppose -3*j + 4*w = -u, -w - 4*w = 25. Is j composite?
True
Is 290 + (1 - 2) + 4 a composite number?
False
Suppose -25 - 151 = -4*z. Let m be (58/(-8))/((-9)/(-36)). Let v = z + m. Is v a composite number?
True
Let j(z) = -z**2 - z + 2. Let v be j(0). Suppose -12 + 1 = v*p + 3*c, p - 3*c - 8 = 0. Is -19*(p + 0) + 0 a prime number?
True
Let n(z) be the first derivative of 35*z**3/3 + z**2/2 - z - 2. Let t be n(1). Suppose 0 = -0*v + 5*v - t. Is v prime?
True
Let j = 3 + -9. Let x be (-184)/(-18) - 6/27. Let g = x + j. Is g composite?
True
Suppose -4*m = 4*a - 2940 - 2788, 0 = -2*m - 10. Is a a composite number?
True
Let u(t) = 40*t**2 - 3*t + 5. Is u(2) composite?
True
Suppose 0*l - 3846 = -6*l. Is l a prime number?
True
Let u(a) = -a**3 - 9*a**2 + 10*a + 7. Let d = 57 - 17. Suppose -5*v = 3*k + d, 4*k - v = -0*v - 38. Is u(k) a composite number?
False
Is 2/(-5)*(-110 - -15) a composite number?
True
Suppose 6*n - 397 = 1121. Is n a prime number?
False
Let b(w) = -515*w**3 - 2*w - 2. Let t be b(-1). Suppose 0 = 3*v - 8*v + t. Is v a composite number?
False
Let j(z) = 2767*z. Is j(1) composite?
False
Let a(l) = 2*l**2 + 19*l - 19. Is a(16) a prime number?
True
Let o = -12 + 103. Is o composite?
True
Suppose 3*w - 4*w = -2*u + 561, w = 5*u - 576. Let x = w - -928. Is x a composite number?
True
Let f(z) = z**3 + 17*z**2 - 7*z - 14. Is f(-9) composite?
True
Let q(c) be the third derivative of c**5/30 - 11*c**4/24 + c**3/3 + 3*c**2. Is q(9) prime?
False
Let x(h) = -h**3 - 3*h**2 + 7*h + 4. Let o be x(-4). Is (-1868)/o - 3/6 composite?
False
Suppose 3*h = -5*x + 22, -3*x + 2 - 4 = -2*h. Let j = 196 + x. Is j/8 - 3/(-12) a prime number?
False
Is (-15)/(-6)*5574/15 a composite number?
False
Let s = 7 - 4. Suppose -15 = -5*d, 0 = -p - s*d + 12 + 7. Let x(v) = -v**2 + 12*v - 9. Is x(p) a prime number?
True
Suppose -5*d = -1098 - 182. Is d/10 - (-2)/5 a prime number?
False
Let h(k) = -k**3 - 3*k**2 - k - 1. Let m be h(-3). Suppose g + m*g = 207. Is g a prime number?
False
Let h = -8 + -1. Let u(z) = z**3 + 12*z**2 + 14*z + 10. Is u(h) prime?
True
Let i(z) = -z**3 + 2*z**2 - 1. Let l be i(-1). Suppose -2*u - l*u = 252. Let f = u - -100. Is f composite?
False
Let x = 7145 - 2046. Is x a composite number?
False
Let n = -197 - -49. Let x = -29 - n. Is x a composite number?
True
Is (4 - 6)*(-127)/(-4)*-2 a composite number?
False
Suppose -v + 5 = -6*v, -5*a - 4*v + 4041 = 0. Is a a prime number?
True
Suppose 2*d = -d. Suppose d*a - 8 = y - 4*a, -5*y = a + 19. Is (y/6)/((-8)/804) prime?
True
Suppose -5*c - 5 = 10, -o + 4*c + 77 = 0. Is o a composite number?
True
Suppose 0 = -2*m - 2*m + 8. Suppose 4*w - w = 0, -67 = -g + m*w. Is g a composite number?
False
Let f(z) = 21*z + 7. Suppose -3*g = -2*l + 6*l - 8, 3*l = 4*g - 19. Is f(g) prime?
False
Let o(u) = -u**3 + 2*u + 2. Let h be o(-3). Suppose -s + 2*r = 2*s - 103, -5*r + h = s. Suppose s = 4*j - j. Is j prime?
True
Is 2/(1/(-1778)*-4) composite?
True
Suppose -17*c + 1511 = -16*c. Is c a prime number?
True
Suppose 2*u - w - 313 = 0, -4*w + 633 = 4*u + w. Let y = u - 88. Is y composite?
True
Suppose 4*q + 19 = -3*f + 489, 2*f - 3*q = 336. Let j = -30 + 35. Suppose j*n - 173 = f. Is n composite?
False
Let n(u) = -173*u + 2. Is n(-7) composite?
False
Let z(h) = h**3 - h**2 + h + 303. Is z(0) composite?
True
Let r = -2861 - -5022. Is r a prime number?
True
Suppose 0 = j + 2*u - 9, -3*j + 3*u = 5*u - 15. Let k be (-33)/(-9) + (-1)/(-3). Suppose -l + 72 = j*l + k*w, -w = 5*l - 110. Is l composite?
False
Let u(v) = 124*v - 19. Is u(9) prime?
True
Suppose -5824 + 20730 = 2*m. Is m composite?
True
Let c(s) = -23*s**2 - 3*s - 6. Let z be c(-5). Let o = z - -1039. Is o a composite number?
True
Let s = -5 + 9. Let j be (s - -55) + (-2)/(-2). Suppose 2*c = j + 14. Is c a composite number?
False
Suppose 0 = 4*l + h - 1524, 3*l - 1532 = -l + h. Is l prime?
False
Suppose -3*z + 5 = 2. Is 2*z*595/10 a prime number?
False
Suppose 5*z - 4*z = 3. Suppose 0*h + 1058 = 4*h + z*l, 4*h + 2*l = 1056. Is h a composite number?
False
Suppose -5*u = -4*v + 1296, 0 = 4*v + u - 0*u - 1272. Is v a prime number?
False
Let w(y) = -188*y + 7. Is w(-6) a composite number?
True
Suppose -3*u + 218 = 44. Let t be u/(-3) + (-2)/(-6). Is t/(1 - 2/1) prime?
True
Let a(t) = -t**2 - t - 5. Let o be a(0). Let q be 2/4*(5 + o). Suppose g + 5*j - 76 = 0, -2*g + 2*j - j + 97 = q. Is g a prime number?
False
Suppose 4*g - g = 2127. Is g composite?
False
Suppose -4*z + 5464 = 5*k, z - 2*z = k - 1365. Is z composite?
False
Suppose -2075 = -3*p + 136. Is p composite?
True
Let j(v) = 6*v + 7. Let d be j(7). Let q = 98 - d. Is q a prime number?
False
Suppose 10*k = 30*k - 17060. Is k a composite number?
False
Suppose 7*q - 10*q = -1509. Is q composite?
False
Let p = -37 + 25. Is ((-2696)/p)/(2/3) a composite number?
False
Suppose k + 0*k - 2 = 0. Suppose t + f + k*f - 181 = 0, 5*t - 929 = -3*f. Is t prime?
False
Suppose 0 = -8*q + 4*q + 32. Is 6/4 - (-2332)/q prime?
True
Let n(p) = 568*p**2 - 6*p + 7. Is n(-4) composite?
True
Suppose 0*h - 5*h = -1475. Is h prime?
False
Is (-2)/(-2)*(437 + 8) a prime number?
False
Suppose 9*z = 8*z - 2*d + 651, -2*z + 2*d = -1296. Is z composite?
True
Suppose -g - 1 = -0*g. Is 37 - (g + 0)*0 composite?
False
Suppose -507 = 3*i - 1620. Is i composite?
True
Let h(n) = 11*n - 9. Is h(8) a prime number?
True
Suppose -4*n + 4 = 3*r, 5*n - 3*r - 43 = -11. Suppose n*j - 3*j = 1. Suppose q - 23 = 2*g, 5 = -g + j. Is q a composite number?
True
Let f(u) = 3*u**2 + 8*u + 3.